34?
34
Calculate the highest common factor of 1537 and 232.
29
Calculate the highest common factor of 40 and 16.
8
Calculate the greatest common divisor of 198 and 252.
18
What is the highest common factor of 860 and 20?
20
Calculate the greatest common divisor of 342 and 285.
57
Calculate the highest common factor of 13 and 79495.
13
Calculate the greatest common factor of 84 and 156.
12
Calculate the greatest common divisor of 1818 and 18.
18
Calculate the highest common divisor of 1122 and 22.
22
What is the greatest common divisor of 24467 and 43?
43
What is the greatest common factor of 11 and 62821?
11
Calculate the highest common factor of 177 and 3481.
59
What is the greatest common factor of 228 and 285?
57
What is the highest common factor of 20450 and 60?
10
What is the greatest common factor of 108 and 2364?
12
What is the highest common divisor of 1593 and 236?
59
Calculate the highest common factor of 30 and 435.
15
Calculate the highest common divisor of 775 and 682.
31
What is the greatest common factor of 56 and 1288?
56
Calculate the greatest common factor of 13 and 767.
13
Calculate the greatest common factor of 943 and 667.
23
What is the greatest common divisor of 1224 and 4104?
72
What is the highest common factor of 144 and 912?
48
Calculate the greatest common factor of 40 and 1060.
20
Calculate the greatest common factor of 30 and 2290.
10
What is the greatest common factor of 2412 and 6?
6
What is the highest common factor of 145 and 319?
29
What is the greatest common divisor of 2652 and 78?
78
Calculate the greatest common divisor of 480 and 138.
6
What is the highest common divisor of 3417 and 67?
67
What is the greatest common divisor of 264 and 4884?
132
Calculate the greatest common divisor of 153 and 2567.
17
Calculate the highest common divisor of 74 and 111.
37
Calculate the highest common factor of 5 and 13.
1
Calculate the greatest common divisor of 10 and 2050.
10
What is the highest common factor of 1058 and 69?
23
What is the greatest common factor of 84 and 224?
28
Calculate the greatest common divisor of 602 and 112.
14
Calculate the highest common factor of 107 and 1.
1
Calculate the highest common factor of 114 and 12.
6
Calculate the greatest common factor of 25 and 925.
25
What is the highest common factor of 6771 and 74?
37
What is the highest common factor of 225 and 4000?
25
Calculate the highest common factor of 609 and 29.
29
Calculate the greatest common factor of 40 and 130.
10
What is the greatest common factor of 689 and 91?
13
What is the greatest common divisor of 1485 and 11583?
297
Calculate the greatest common divisor of 175 and 2037.
7
Calculate the greatest common divisor of 16 and 512.
16
What is the highest common factor of 36 and 1611?
9
What is the highest common divisor of 26 and 7618?
26
What is the highest common divisor of 5680 and 48?
16
What is the greatest common factor of 102 and 9?
3
Calculate the highest common factor of 912 and 288.
48
What is the greatest common factor of 87 and 4553?
29
Calculate the highest common factor of 40 and 24.
8
What is the greatest common factor of 1350 and 54?
54
Calculate the greatest common divisor of 5 and 235.
5
What is the greatest common divisor of 325 and 845?
65
What is the greatest common factor of 4 and 1676?
4
What is the greatest common factor of 810 and 50?
10
What is the greatest common factor of 1224 and 84?
12
Calculate the highest common divisor of 10045 and 980.
245
What is the highest common divisor of 84 and 140?
28
Calculate the highest common factor of 9 and 369.
9
What is the highest common divisor of 22 and 242?
22
What is the greatest common factor of 130 and 10?
10
Calculate the highest common divisor of 38 and 2983.
19
What is the greatest common divisor of 3976 and 112?
56
What is the greatest common divisor of 448 and 14?
14
What is the greatest common factor of 2828 and 56?
28
What is the greatest common factor of 2552 and 957?
319
What is the greatest common divisor of 85 and 34?
17
What is the greatest common factor of 98 and 1274?
98
What is the greatest common divisor of 604 and 20?
4
What is the highest common divisor of 325 and 275?
25
What is the highest common factor of 117 and 26?
13
Calculate the greatest common divisor of 180 and 100.
20
What is the highest common divisor of 232 and 4031?
29
What is the highest common divisor of 200 and 288?
8
What is the greatest common divisor of 80 and 1660?
20
Calculate the greatest common factor of 35 and 455.
35
Calculate the highest common divisor of 2755 and 145.
145
What is the greatest common factor of 78 and 273?
39
What is the highest common divisor of 7410 and 39?
39
What is the greatest common factor of 1211 and 346?
173
What is the greatest common divisor of 224 and 140?
28
What is the highest common factor of 864 and 160?
32
Calculate the highest common divisor of 1312 and 246.
82
What is the greatest common divisor of 260 and 1664?
52
Calculate the highest common divisor of 2255 and 33.
11
Calculate the greatest common divisor of 44 and 28.
4
Calculate the highest common factor of 34 and 4.
2
What is the highest common divisor of 58 and 80?
2
Calculate the greatest common divisor of 55067 and 53.
53
What is the highest common factor of 1 and 32?
1
What is the highest common factor of 24 and 6?
6
Calculate the greatest common factor of 28 and 32.
4
Calculate the highest common factor of 5810 and 10.
10
What is the highest common divisor of 495 and 110?
55
Calculate the highest common divisor of 835 and 668.
167
What is the highest common factor of 28 and 3857?
7
Calculate the greatest common divisor of 39 and 208.
13
Calculate the highest common divisor of 192 and 216.
24
What is the highest common divisor of 63 and 27?
9
What is the greatest common factor of 1134 and 56?
14
What is the greatest common divisor of 45 and 190?
5
Calculate the greatest common divisor of 286 and 22.
22
What is the highest common factor of 1702 and 148?
74
What is the greatest common divisor of 329 and 94?
47
Calculate the highest common divisor of 34 and 34.
34
Calculate the greatest common factor of 7 and 7.
7
Calculate the greatest common factor of 2384 and 2682.
298
Calculate the highest common factor of 6 and 90.
6
Calculate the greatest common divisor of 688 and 128.
16
Calculate the greatest common divisor of 3 and 87.
3
Calculate the greatest common factor of 1651 and 91.
13
Calculate the greatest common divisor of 438 and 132.
6
Calculate the greatest common factor of 946 and 264.
22
Calculate the greatest common factor of 6 and 80.
2
Calculate the greatest common factor of 1910 and 20.
10
What is the greatest common divisor of 35 and 560?
35
What is the highest common factor of 40 and 70?
10
What is the highest common factor of 196 and 38612?
196
What is the highest common factor of 980 and 441?
49
Calculate the greatest common divisor of 224 and 28.
28
What is the greatest common divisor of 925 and 225?
25
What is the greatest common factor of 14 and 49?
7
Calculate the highest common divisor of 238 and 7.
7
What is the highest common divisor of 248 and 1364?
124
What is the greatest common factor of 117 and 3692?
13
Calculate the highest common divisor of 2025 and 800.
25
What is the greatest common factor of 315 and 371?
7
What is the greatest common divisor of 158 and 2?
2
What is the highest common factor of 3772 and 46?
46
What is the highest common divisor of 117 and 13?
13
What is the highest common factor of 9 and 522?
9
What is the greatest common factor of 60 and 312?
12
What is the greatest common divisor of 24 and 36?
12
What is the greatest common factor of 46 and 437?
23
Calculate the highest common factor of 11845 and 345.
115
What is the greatest common divisor of 126 and 270?
18
Calculate the highest common divisor of 5962 and 110.
22
What is the greatest common divisor of 40 and 880?
40
Calculate the greatest common divisor of 6570 and 12.
6
Calculate the greatest common divisor of 220 and 11.
11
Calculate the highest common divisor of 34 and 1241.
17
What is the greatest common divisor of 58 and 87?
29
What is the greatest common factor of 3 and 24?
3
What is the highest common factor of 96 and 864?
96
What is the greatest common factor